What is the remainder when 235 is divided by 17?
14
Calculate the remainder when 111 is divided by 35.
6
What is the remainder when 359 is divided by 18?
17
What is the remainder when 345 is divided by 48?
9
Calculate the remainder when 225 is divided by 24.
9
Calculate the remainder when 12612 is divided by 19.
15
Calculate the remainder when 784 is divided by 12.
4
Calculate the remainder when 167 is divided by 134.
33
What is the remainder when 93 is divided by 24?
21
What is the remainder when 475 is divided by 251?
224
Calculate the remainder when 1629 is divided by 19.
14
Calculate the remainder when 2442 is divided by 52.
50
What is the remainder when 93 is divided by 32?
29
What is the remainder when 46 is divided by 17?
12
Calculate the remainder when 201 is divided by 74.
53
What is the remainder when 492 is divided by 19?
17
Calculate the remainder when 28 is divided by 10.
8
What is the remainder when 56 is divided by 13?
4
What is the remainder when 582 is divided by 46?
30
Calculate the remainder when 284 is divided by 148.
136
What is the remainder when 145 is divided by 44?
13
What is the remainder when 8147 is divided by 138?
5
Calculate the remainder when 957 is divided by 15.
12
What is the remainder when 102 is divided by 54?
48
Calculate the remainder when 2477 is divided by 36.
29
Calculate the remainder when 4589 is divided by 16.
13
Calculate the remainder when 2848 is divided by 19.
17
Calculate the remainder when 799 is divided by 84.
43
What is the remainder when 136 is divided by 46?
44
Calculate the remainder when 171 is divided by 35.
31
Calculate the remainder when 11216 is divided by 13.
10
Calculate the remainder when 260 is divided by 10.
0
Calculate the remainder when 2086 is divided by 19.
15
Calculate the remainder when 69 is divided by 24.
21
What is the remainder when 69 is divided by 49?
20
What is the remainder when 171 is divided by 110?
61
Calculate the remainder when 260 is divided by 18.
8
What is the remainder when 274 is divided by 68?
2
Calculate the remainder when 252 is divided by 23.
22
Calculate the remainder when 671 is divided by 14.
13
What is the remainder when 1803 is divided by 129?
126
Calculate the remainder when 71 is divided by 43.
28
Calculate the remainder when 1537 is divided by 83.
43
Calculate the remainder when 110 is divided by 34.
8
Calculate the remainder when 171 is divided by 31.
16
Calculate the remainder when 117 is divided by 11.
7
Calculate the remainder when 497 is divided by 34.
21
What is the remainder when 484 is divided by 82?
74
What is the remainder when 513 is divided by 43?
40
Calculate the remainder when 392 is divided by 380.
12
What is the remainder when 557 is divided by 70?
67
Calculate the remainder when 357 is divided by 51.
0
What is the remainder when 1248 is divided by 9?
6
Calculate the remainder when 82 is divided by 21.
19
What is the remainder when 160 is divided by 12?
4
What is the remainder when 12139 is divided by 176?
171
What is the remainder when 172 is divided by 44?
40
Calculate the remainder when 2090 is divided by 210.
200
What is the remainder when 490 is divided by 24?
10
Calculate the remainder when 1719 is divided by 9.
0
Calculate the remainder when 38 is divided by 25.
13
What is the remainder when 616 is divided by 162?
130
What is the remainder when 1341 is divided by 79?
77
Calculate the remainder when 32 is divided by 9.
5
Calculate the remainder when 361 is divided by 75.
61
What is the remainder when 1452 is divided by 118?
36
Calculate the remainder when 734 is divided by 83.
70
Calculate the remainder when 3172 is divided by 25.
22
Calculate the remainder when 19269 is divided by 73.
70
What is the remainder when 3301 is divided by 13?
12
Calculate the remainder when 314 is divided by 105.
104
What is the remainder when 536 is divided by 30?
26
Calculate the remainder when 4955 is divided by 74.
71
Calculate the remainder when 352 is divided by 103.
43
What is the remainder when 2161 is divided by 57?
52
What is the remainder when 1420 is divided by 18?
16
Calculate the remainder when 2564 is divided by 122.
2
Calculate the remainder when 41 is divided by 36.
5
What is the remainder when 270 is divided by 136?
134
Calculate the remainder when 63 is divided by 11.
8
What is the remainder when 685 is divided by 225?
10
What is the remainder when 354 is divided by 109?
27
What is the remainder when 180 is divided by 58?
6
Calculate the remainder when 285 is divided by 52.
25
Calculate the remainder when 329 is divided by 166.
163
What is the remainder when 239 is divided by 85?
69
What is the remainder when 40 is divided by 11?
7
What is the remainder when 174 is divided by 65?
44
What is the remainder when 95 is divided by 42?
11
What is the remainder when 391 is divided by 50?
41
Calculate the remainder when 84 is divided by 46.
38
Calculate the remainder when 251 is divided by 32.
27
Calculate the remainder when 12414 is divided by 97.
95
Calculate the remainder when 2612 is divided by 102.
62
Calculate the remainder when 55 is divided by 14.
13
Calculate the remainder when 1388 is divided by 282.
260
What is the remainder when 2559 is divided by 26?
11
Calculate the remainder when 42 is divided by 1.
0
Calculate the remainder when 615 is divided by 87.
6
Calculate the remainder when 941 is divided by 50.
41
What is the remainder when 12957 is divided by 18?
15
Calculate the remainder when 20057 is divided by 59.
56
Calculate the remainder when 233 is divided by 188.
45
Calculate the remainder when 776 is divided by 200.
176
What is the remainder when 46 is divided by 8?
6
Calculate the remainder when 55 is divided by 30.
25
What is the remainder when 7761 is divided by 114?
9
What is the remainder when 57 is divided by 41?
16
Calculate the remainder when 8381 is divided by 6.
5
Calculate the remainder when 8 is divided by 1.
0
What is the remainder when 90 is divided by 41?
8
What is the remainder when 90 is divided by 4?
2
What is the remainder when 721 is divided by 149?
125
What is the remainder when 52 is divided by 20?
12
Calculate the remainder when 231 is divided by 14.
7
What is the remainder when 607 is divided by 38?
37
Calculate the remainder when 90 is divided by 30.
0
What is the remainder when 7695 is divided by 104?
103
What is the remainder when 236 is divided by 67?
35
Calculate the remainder when 22 is divided by 21.
1
What is the remainder when 77 is divided by 15?
2
What is the remainder when 128 is divided by 67?
61
Calculate the remainder when 414 is divided by 89.
58
Calculate the remainder when 828 is divided by 79.
38
Calculate the remainder when 131 is divided by 68.
63
Calculate the remainder when 159 is divided by 1.
0
What is the remainder when 286 is divided by 98?
90
What is the remainder when 17 is divided by 4?
1
What is the remainder when 504 is divided by 15?
9
What is the remainder when 1187 is divided by 29?
27
Calculate the remainder when 809 is divided by 23.
4
Calculate the remainder when 158 is divided by 10.
8
What is the remainder when 316 is divided by 86?
58
Calculate the remainder when 97 is divided by 30.
7
Calculate the remainder when 95 is divided by 14.
11
What is the remainder when 2074 is divided by 189?
184
Calculate the remainder when 5452 is divided by 101.
99
Calculate the remainder when 3456 is divided by 246.
12
What is the remainder when 8099 is divided by 219?
215
Calculate the remainder when 41 is divided by 15.
11
Calculate the remainder when 60 is divided by 35.
25
What is the remainder when 180 is divided by 7?
5
Calculate the remainder when 6760 is divided by 294.
292
What is the remainder when 111 is divided by 40?
31
What is the remainder when 226 is divided by 14?
2
What is the remainder when 146 is divided by 3?
2
Calculate the remainder when 478 is divided by 24.
22
What is the remainder when 22746 is divided by 12?
6
What is the remainder when 2659 is divided by 58?
49
Calculate the remainder when 2340 is divided by 88.
52
Calculate the remainder when 9077 is divided by 51.
50
What is the remainder when 897 is divided by 75?
72
Calculate the remainder when 381 is divided by 162.
57
What is the remainder when 334 is divided by 12?
10
Calculate th